-5153512 (base 6) to base 4
-330220310
What is -1100110001101111101110 (base 2) in base 11?
-1988578
What is 110001203 (base 4) in base 3?
11011111202
Convert -a92253 (base 11) to base 7.
-20556111
Convert 226478 (base 9) to base 12.
66845
1192780 (base 10) to base 9
2217161
-386603 (base 13) to base 12
-555072
-120031032 (base 4) to base 3
-12001000020
Convert -1113233313 (base 4) to base 11.
-226041
Convert -7381651 (base 9) to base 8.
-17044607
Convert 991902 (base 14) to base 7.
62056102
Convert -33410441 (base 5) to base 16.
-47e60
What is -537842 (base 9) in base 4?
-1032103031
1100002021220 (base 3) to base 10
710259
1529b (base 16) to base 9
141814
What is 153411 (base 6) in base 5?
440210
-11110010010011011 (base 2) to base 12
-5b963
20930a (base 13) to base 6
24203500
Convert 119039 (base 10) to base 12.
58a7b
-11011011100010 (base 2) to base 9
-21241
Convert -121a25 (base 15) to base 13.
-2443c4
Convert -5d72c3 (base 15) to base 3.
-22102120101110
What is -21222202020120 (base 3) in base 13?
-b58ba9
-123434 (base 7) to base 6
-253455
Convert -431121300 (base 5) to base 9.
-3368502
16a377 (base 12) to base 2
1011111011110001011
-73aa95 (base 11) to base 15
-1865a4
12403343 (base 6) to base 3
202120202000
Convert -522544 (base 7) to base 15.
-1b91a
-200011201021 (base 3) to base 11
-22484a
What is -436821 (base 10) in base 7?
-3466350
-100034256 (base 7) to base 11
-3293800
Convert 111021101 (base 3) to base 8.
22714
What is -7467c (base 14) in base 6?
-10005422
Convert 651825 (base 13) to base 7.
26115462
Convert -210246 (base 9) to base 6.
-2402023
What is 32bbd3 (base 14) in base 8?
6444715
-1a2259 (base 15) to base 2
-100110110110001001101
What is 101121101200 (base 3) in base 11?
132952
What is -431223224 (base 5) in base 2?
-110111100011100010111
Convert 17866356 (base 10) to base 15.
187db06
Convert -110011011011101111111 (base 2) to base 7.
-20216426
Convert -52463 (base 14) to base 8.
-603447
-3d35c (base 15) to base 13
-6b5a4
What is -12313003201 (base 4) in base 6?
-102313441
-2549bb (base 12) to base 13
-184688
Convert 323210514 (base 6) to base 13.
1266a72
Convert 1224400204 (base 5) to base 3.
12120200010222
What is -271021 (base 8) in base 7?
-543126
What is -437314 (base 10) in base 8?
-1526102
What is -14523 (base 13) in base 10?
-38223
Convert 147196 (base 14) to base 6.
23123440
Convert 49d0b (base 14) to base 6.
3513331
What is 30a088 (base 14) in base 13?
455c33
Convert -13303131 (base 5) to base 15.
-29e11
What is -71526574 (base 8) in base 14?
-2017512
What is -2525531 (base 6) in base 3?
-20220122101
What is -122320123 (base 4) in base 12?
-53877
Convert 333245 (base 8) to base 4.
123122211
Convert 1551415 (base 9) to base 2.
11010010000110001110
-11553420 (base 6) to base 8
-1330024
Convert -14423224 (base 5) to base 11.
-a6350
Convert -26764 (base 10) to base 6.
-323524
-112211020221 (base 3) to base 11
-18a251
What is -41446035 (base 7) in base 3?
-20120100101120
Convert -33300322 (base 4) to base 13.
-2350c
Convert -1111110001001011010 (base 2) to base 13.
-151250
-149c56 (base 16) to base 6
-44541234
2311000322 (base 4) to base 15
e9a3e
148028 (base 11) to base 15
4837d
156666 (base 10) to base 14
41146
What is -5b542 (base 14) in base 15?
-4626c
Convert 1033321322 (base 4) to base 11.
203997
What is -646462 (base 8) in base 6?
-4345414
Convert -3560332 (base 7) to base 14.
-ba7c2
11202001001 (base 3) to base 13
33640
2012503 (base 6) to base 13
3445b
What is -32146134 (base 7) in base 10?
-2734470
-413799 (base 10) to base 8
-1450147
Convert 42b1fd (base 16) to base 4.
100223013331
22100112221 (base 3) to base 9
270487
Convert 110001100111111011000 (base 2) to base 14.
304840
10011000110001110110 (base 2) to base 10
625782
Convert 486a9 (base 11) to base 2.
10001000110101001
Convert 12134133402 (base 5) to base 4.
312303002310
Convert -11011011100110011 (base 2) to base 8.
-333463
Convert 6157405 (base 8) to base 12.
667319
Convert -1010100111101000011 (base 2) to base 3.
-122200022211
-3055606 (base 8) to base 16
-c5b86
What is -4241440 (base 6) in base 15?
-41849
Convert 24c319 (base 15) to base 6.
101435253
88423 (base 13) to base 5
30344034
What is -663501 (base 9) in base 4?
-1200233131
Convert 5225035 (base 7) to base 15.
c62d7
Convert 7f6d8 (base 16) to base 4.
1333123120
What is -1321541 (base 10) in base 3?
-2111010210222
-36b3 (base 12) to base 5
-144213
What is -11100010011111 (base 2) in base 4?
-3202133
What is -221071 (base 8) in base 14?
-1d10d
20202121201200 (base 3) to base 11
2035669
What is 230434131 (base 6) in base 14?
7c34c7
Convert -32220233 (base 4) to base 9.
-101212
Convert -76084c (base 13) to base 11.
-1623579
What is -c5c8c9 (base 13) in base 3?
-22201000221211
What is 11223201212 (base 4) in base 15?
1e62b8
Convert -18307a (base 11) to base 6.
-10014431
b65a80 (base 15) to base 7
133513545
Convert 44c8 (base 13) to base 6.
112324
Convert -1111100110111010111 (base 2) to base 3.
-221222120111
Convert 1a5a1 (base 15) to base 12.
41697
-97666 (base 10) to base 13
-355ba
What is 61211 (base 9) in base 10?
40267
-143431 (base 8) to base 14
-14809
What is -112305 (base 11) in base 8?
-535042
Convert -246700 (base 11) to base 12.
-1694a3
What is 752850 (base 14) in base 9?
7411485
Convert 126512400 (base 7) to base 13.
19138b6
What is 25503454 (base 6) in base 14?
17973c
What is -11101101100010 (base 2) in base 8?
-35542
What is 11011110110220 (base 3) in base 12?
8a9020
What is 1105512 (base 6) in base 13?
1c478
-259245 (base 11) to base 4
-1203200121
What is 12050066 (base 9) in base 2?
10110011011001110111100
-20601430 (base 7) to base 5
-421422423
What is 636662 (base 7) in base 2?
11010111101101001
c68667 (base 14) to base 16
665993
Convert -573bc2 (base 14) to base 2.
-1011010100110000001110
Convert 15e57 (base 16) to base 8.
257127
Convert -1949819 (base 10) to base 12.
-7a044b
Convert aea3 (base 16) to base 14.
12415
What is 121124054 (base 6) in base 16?
230e42
Convert 879462 (base 10) to base 12.
364b46
Convert 210134 (base 9) to base 16.
1e763
What is -10555230 (base 6) in base 16?
-4fb42
What is -5ca261 (base 14) in base 5?
-1303144104
What is 1110100101010100101000 (base 2) in base 10?
3822888
What is -11010011100001100 (base 2) in base 3?
-12111120010
265861 (base 12) to base 15
c739a
Convert -51517 (base 16) to base 8.
-1212427
What is -28be7 (base 16) in base 10?
-166887
7586841 (base 9) to base 11
2332018
-3a6a9 (base 11) to base 6
-1124514
What is -16552703 (base 8) in base 2?
-1110101101010111000011
Convert 112002001101 (base 3) to base 6.
5534401
What is -101102210021220 (base 3) in base 10?
-5546445
-225221411 (base 6) to base 12
-1491867
What is 13c96 (base 15) in base 5?
4013331
What is -2321112101 (base 4) in base 6?
-24134425
Convert 177813 (base 9) to base 3.
12121220110
Convert 3213113013 (base 4) to base 2.
11100111010111000111
What is 35f97 (base 16) in base 4?
311332113
What is -1071792 (base 15) in base 13?
-258531b
What is 43a592 (base 12) in base 16?
1069be
What is -110001010111010010 (base 2) in base 12?
-99016
-b6c781 (base 14) to base 13
-13854a6
Convert -47ca5 (base 13) to base 8.
-401312
-2011031221 (base 4) to base 2
-10000101001101101001
100023133 (base 4) to base 8
201337
Convert -1195340 (base 11) to base 4.
-13321232103
1510220 (base 6) to base 5
10240131
-e2bb (base 15) to base 16
-bb04
34453212 (base 9) to base 3
1011111210020102
Convert -120873 (base 10) to base 2.
-11101100000101001
Convert -160790 (base 14) to base 7.
-6354240
What is -17c5773 (base 13) in base 6?
-434434250
1102120110112 (base 3) to base 2
10111001010110111011
Convert 1001121212112 (base 3) to base 11.
355343
What is -198c3a (base 15) in base 13?
-347755
-1110211133 (base 5) to base 4
-21100333312
What is -2143014313 (base 5) in base 9?
-8677743
What is 22211220002 (base 3) in base 12?
84948
17bd16 (base 14) to base 5
203330423
What is -294660 (base 16) in base 9?
-5072486
Convert 234010 (base 8) to base 2.
10011100000001000
-1214d (base 16) to base 7
-425631
Convert 11011111010101101 (base 2) to base 7.
654244
1001021002012000 (base 3) to base 5
12321112342
22021102 (base 4) to base 9
63001
What is 6025462 (base 8) in base 15?
21449c
-65acb (base 13) to base 11
